 are the prime factors of n(16)?
2, 3
List the prime factors of (-7 - 219/(-12))/((-6)/(-1136)).
2, 3, 5, 71
Suppose -6*c + 0*c = 90. Let m(g) = g**2 + 11*g - 12. What are the prime factors of m(c)?
2, 3
Suppose -5*t = -4*u - 32, 4*u = -u - 15. Let m = 161 - 92. Suppose y + m = t*y. List the prime factors of y.
23
Let t = -18 - -18. Suppose 135 = 5*c + 5*p, t*c - p = -4*c + 88. What are the prime factors of c?
23
Suppose 0*f = -f - 5, 0 = -2*r - 5*f + 45. Suppose -2*l - l - m = -r, -m - 37 = -3*l. What are the prime factors of l?
2, 3
Suppose -2*n + 2 = -2. Let t be n/10 - (-1969)/55. Suppose 2*b + 0*b = u + t, -2*b = 4*u - 36. What are the prime factors of b?
2, 3
Let w = -8461 + 12272. What are the prime factors of w?
37, 103
Let p(k) = 3679*k**2 - 46*k + 48. What are the prime factors of p(1)?
3, 409
Suppose -32 = -5*k + 3*k. Let n = 20 - k. List the prime factors of (210/(-40))/((-1)/n).
3, 7
Suppose -5*t + 12 = -3. Let p be (-6)/3*t/2. Let i(y) = 4*y**2 + 2*y + 4. What are the prime factors of i(p)?
2, 17
Suppose -300 = 7*p - 12*p. Suppose -p = -l + 23. What are the prime factors of l?
83
Let p(f) = -166*f - 3. Let k be p(-1). Suppose -k = -5*z + 237. List the prime factors of z.
2, 5
Let a(t) = t**2 + 6*t - 7. Let z be a(-7). Suppose 3*q + 5*m + z*m - 188 = 0, 0 = -m - 2. List the prime factors of q.
2, 3, 11
List the prime factors of ((-646)/114)/((-3)/117).
13, 17
Suppose -3*j = -6*j + 93. Suppose 2*z + 4*x + 12 = 3*z, -2*z + x = -j. List the prime factors of z.
2
Let a(m) = -m**2 - 55*m + 95. What are the prime factors of a(-36)?
19, 41
Suppose 320*o + 6202 = 327*o. What are the prime factors of o?
2, 443
Let t(g) = g + 8. Let p be t(-6). Let w = -195 - -334. Suppose 0 = p*r + n - w, n - 4 = 1. What are the prime factors of r?
67
List the prime factors of 7/(-7) - 0 - 16352/(-7).
5, 467
Suppose 0 = -2*t - 8, 3*i + t + 4 = -0*t. Let n(r) = r**3 - r**2 - 2*r + 17. Let v be n(i). Suppose 212 = -13*o + v*o. List the prime factors of o.
53
Let a be (4 - 4086/27)/(4/(-6)). Let w = 25 + a. What are the prime factors of w?
2, 3, 41
Let l(n) = -3*n + 3. Let c be l(7). What are the prime factors of (-1670)/c - (-7)/(63/2)?
3, 31
Suppose -18 = 2*n - 5*n. Suppose 105 = 24*y - 3*y. Suppose -y*t + 54 = 3*o, n = o + o. List the prime factors of t.
3
Suppose -2*p + 4*x + 104 = 0, -3*p + 5*x = -31 - 128. Let f = -5 + p. List the prime factors of f.
53
Let w(u) = -u**3 + 10*u**2 - 11*u + 17. Let k be w(9). Let h = 61 - k. What are the prime factors of h?
2, 31
Let t be (1/(-3)*-1)/((-1)/(-3)). Suppose -4*u + 7 = -t. List the prime factors of u.
2
Let m(y) = -y**2 - 11*y + 20. Let u be m(-10). Let i = u - 8. List the prime factors of i.
2, 11
Let n = -48 + 48. Suppose n = -3*k - 0*k + 21. What are the prime factors of k?
7
Let s = -775 - -1292. What are the prime factors of s?
11, 47
List the prime factors of 1/((-51)/(-85) - 4208/7030).
19, 37
Let w be (-2)/((6/8)/(-3)). Suppose 3*i = w*i - 245. List the prime factors of i.
7
Let q(m) be the first derivative of 11*m**2/2 + 8*m + 4. Let o be q(8). Suppose o = 5*w - 19. List the prime factors of w.
23
Let d(k) = k**2 + 17*k + 16. Let y be d(-16). Let q(x) be the first derivative of x**2/2 + 7*x + 2. What are the prime factors of q(y)?
7
Let l be ((-6)/10)/((-10)/150). Let z(q) = q**3 - 8*q**2 - 7*q - 10. Let x be z(l). Let d(h) = -h**3 + 9*h**2 - 4*h + 2. List the prime factors of d(x).
2, 17
Let j be (-10)/(4 - 124/30). What are the prime factors of 3 - (3 + j/(-1))?
3, 5
Suppose -7*x = -3*x - 12804. Suppose 19*p = 8*p + x. What are the prime factors of p?
3, 97
List the prime factors of (2 + (-6938)/8)/((-15)/60).
3461
Let k = -584 - -1035. List the prime factors of k.
11, 41
Suppose 0 = -5*r + 1 + 14. Suppose -2*w + 4*w = 5*x - 16, -3*w + 14 = 2*x. Suppose x = -a + r*a. What are the prime factors of a?
2
Let d = 1286 + -123. List the prime factors of d.
1163
Suppose 2*f = 3*f - 2. Suppose -4*j + 97 = m, 5*j + f*m = m + 120. Suppose -t = -2*s - j, 2*s = -t - 2*t + 85. List the prime factors of t.
3
Suppose -32 = 20*h - 24*h. Let g be h*(7/(-2))/(-7). Suppose -g*y = -3*l - 3*y + 122, 3*l + 2*y = 125. List the prime factors of l.
41
Suppose -140 = -5*g + 110. What are the prime factors of g?
2, 5
Let d = -7 - -11. Let u be (-1)/(-3*d/24). Suppose -i = u*p - 79, 172 = 3*p + 4*i + 51. List the prime factors of p.
3, 13
Let d = 22 - 16. Suppose -d = 3*j, 4*c - 6 = 3*j - 6*j. What are the prime factors of c?
3
Let w(i) = 2*i**2 - 8*i + 16. Let f(b) = b. Let o(u) = -3*f(u) + w(u). What are the prime factors of o(8)?
2, 7
Suppose -5681 = -40*y + 151599. List the prime factors of y.
2, 983
Let w = 59 + -49. Let j(r) = 6*r + 8. List the prime factors of j(w).
2, 17
Let t(q) = -2*q**2 - 9*q + 1733. List the prime factors of t(0).
1733
Let v be (12/14)/((-2)/(-14)). Let g(q) be the first derivative of q**2/2 - q + 43. What are the prime factors of g(v)?
5
Suppose -4*u + 2027 + 665 = 0. What are the prime factors of u?
673
Let v(g) = -24 - g - 6*g - 5*g + 0*g. Let h be v(-10). Suppose -2*d + 8*d = h. What are the prime factors of d?
2
Let k = 323 + -88. Let f = k + -137. Suppose 5*r + 4*y - f = -31, -5*r = -5*y - 40. What are the prime factors of r?
11
Let z(k) = -k**3 + 3*k**2 - 7*k - 2. Let m be z(2). Let f(b) be the first derivative of -b**4/4 - 4*b**3 - 3*b**2/2 - 16*b + 2. List the prime factors of f(m).
2, 5
Suppose 12*w = 16*w - 1336. What are the prime factors of w?
2, 167
Let w(y) = -y**2 - 10*y - 1. Let l be w(-5). Let q(n) = 5*n**2 + 17*n - 2. Let r be q(-4). Let p = l + r. List the prime factors of p.
2, 17
Suppose 3*u - 526 = -7*g + 3*g, -4*u = -g - 714. What are the prime factors of u?
2, 89
Suppose 2*g + 3 = b - 0*g, -3*b + 9 = -3*g. Suppose b*a - 5*a = -84. What are the prime factors of a?
2, 3, 7
Let k be 6 - -3*(-3 + 4). Suppose -c - 2*c = -k. Suppose 0*j - c*j - 3*s + 117 = 0, 0 = 5*j + s - 175. List the prime factors of j.
2, 17
Suppose 3*t + 8 = d + 73, 8 = 2*d. What are the prime factors of t?
23
List the prime factors of (-1624)/(-145)*(11 + -1).
2, 7
Let j(h) = h - 9. Let b be j(12). Suppose b*t = 6*t - 165. Suppose -5*s - 4 = -i + 9, t = 3*i + s. List the prime factors of i.
2, 3
Let r(m) = 47*m**2 + m - 1. Let a be 0*2/(-6) - 4. Let l be (-2 + 3)*a/(-4). What are the prime factors of r(l)?
47
List the prime factors of (-38 + 34)*(-538)/4.
2, 269
Suppose 4*x - 68 = 1228. Suppose 0*c + x = 2*o - 2*c, 5*c + 15 = 0. Suppose -4*w = -53 - o. List the prime factors of w.
53
Let x be 5 + (2/6)/((-4)/36). What are the prime factors of 33/x*(-2 - -8)?
3, 11
Suppose 5*u = 3*w - 31, 2*u + 56 = 5*w + 17. Let b(s) = -7*s**2 + 3 + 4 - 15*s + s**3 - 2 + 18*s. List the prime factors of b(w).
2, 13
Suppose 0 = -5*s + b + 70, -10*s + 70 = -5*s - 2*b. List the prime factors of s.
2, 7
Let y(c) = 77*c**2 + 20*c + 1. What are the prime factors of y(-4)?
1153
Suppose 3*h + 8 = -7. Let d = h + 10. Suppose -5 = d*r - 3*p - 30, -5*p - 25 = -5*r. List the prime factors of r.
5
Suppose -3*c + 2*n + 20 = 0, 3*n = -0*c - c - 8. Suppose -2*u - 161 = -3*i, -3*i - c*u + 94 = -43. List the prime factors of i.
3, 17
Let s(k) = 2*k - 6. Let r(f) = 3*f + 5. Let u(q) = 4*q + 7. Let y(t) = 7*r(t) - 5*u(t). Let w(i) = s(i) - 3*y(i). List the prime factors of w(-13).
7
Let l(d) = 5050*d - 5045*d - 3 - d**3 + 3*d**2 - 4*d**2. What are the prime factors of l(-5)?
2, 3
Let d be ((108/15)/(-2))/(24/(-80)). Suppose d*x - 73 - 2519 = 0. What are the prime factors of x?
2, 3
Suppose -3*b + 3 = 0, 0*g = -2*g + 4*b + 400. Let j = g + -142. What are the prime factors of j?
2, 3, 5
Suppose -3*r - 3 = 3*o - 0, 10 = 2*r - 2*o. Suppose -d - 5*b = -5*d + 206, -r = b. What are the prime factors of d?
7
Let f(x) = -x**3 + 12*x**2 + 4*x + 36. List the prime factors of f(6).
2, 3, 23
Suppose 10 = -174*l + 176*l. Suppose 6*w = -l*r + 10*w + 1625, -3*w + 1331 = 4*r. What are the prime factors of r?
7, 47
Let k(x) = -x**2 + 4*x + 2. Let m be k(2). Suppose -3*s - 3*w = -m*w - 171, -3*w + 221 = 4*s. What are the prime factors of s?
2, 7
Let y be (-4)/(-12) - (-582)/9. Let a be y/2*4/(-5). List the prime factors of (a/4)/(4/(-8)).
13
List the prime factors of 6 + (-24)/4 + 490.
2, 5, 7
Let d(t) = 8*t**2 + 8*t**2 + t**3 - 12*t - 6*t**2 + 2 + 7. What 